 the prime factors of r?
2, 433
Suppose -3*i - i = 2*x, 2*i - 5*x = 0. Suppose 520 = -2*c + 6*c + 4*q, 3*q = i. Let t = -84 + c. List the prime factors of t.
2, 23
Let q(s) = 4*s**2 + 9*s + 3. Let l be q(-8). Let m = -105 + l. List the prime factors of m.
2, 41
Suppose -5*w = -0*w. Let v be (w - 1) + (-78)/6. What are the prime factors of 80/14 + (-4)/v?
2, 3
Suppose 608 = 4*r + t - 1782, t + 2386 = 4*r. Suppose -9*k = -12*k + r. List the prime factors of k.
199
Suppose 0*a + 11*a = 1199. What are the prime factors of a?
109
Suppose 0 = -7*r + 9 - 65. Let n = r + 26. List the prime factors of n.
2, 3
Let f(i) = 5*i**2 - 4*i - 4. Let l be f(-4). Let u = l - 49. What are the prime factors of u?
43
Let h = 5 + -2. Suppose 5*v = h*a - 20, 3*a - 2 - 10 = -3*v. Let y(j) = -j**2 + 9*j + 5. List the prime factors of y(a).
5
Suppose p = 4, -4*g - 5*p = -1856 - 6976. List the prime factors of g.
2203
Let u = 11 - 8. Suppose 18 - u = 5*g. What are the prime factors of (-84)/(-9) + (-1)/g?
3
Let h(d) = d**2 - 5*d**2 + 5*d + 3*d**2 - 4. Let m be h(4). Suppose -a + 12 = -4*t, -2*a + 3*t + 39 = -m*t. List the prime factors of a.
2, 3
Suppose -27*j + 6*j + 11613 = 0. What are the prime factors of j?
7, 79
Let s = 1325 - -948. What are the prime factors of s?
2273
Let p = -3518 + 5009. What are the prime factors of p?
3, 7, 71
List the prime factors of ((-8766)/(-12))/((-6)/(-4)).
487
Let j(b) = 3*b**3 + b**2 - b - 4. Let q be j(-3). Let y(n) = 23*n + 195. Let f be y(-13). Let z = q - f. List the prime factors of z.
31
Suppose 10 = -5*m, -m = -4*b + 806 + 420. What are the prime factors of b?
2, 3, 17
Let w(l) = 4*l + 9. Let q be w(-5). Let j = 63 - q. Let c = -43 + j. What are the prime factors of c?
31
Let x = 49 + -24. Suppose 2*q + 21 = x. Suppose q*t + 4*l = 49 + 31, 5*t - 5*l = 245. List the prime factors of t.
2, 23
Suppose 4*l + 2288 = 8*l. What are the prime factors of l?
2, 11, 13
Let w(l) = -l**3 + l. Suppose 0*m - 4 = -4*m. Let r(p) = 4*p**3 + 6*p**2 - 2*p + 6. Let k(c) = m*r(c) + 5*w(c). List the prime factors of k(6).
2, 3
Let b = 187 + -106. Let m = b + 25. List the prime factors of m.
2, 53
Let t(o) = -5*o - 54. Let i be t(-12). Let k(c) = c**2 - 2*c + 28. Let q(s) = s**2 - 3*s + 27. Let y(j) = -6*k(j) + 7*q(j). List the prime factors of y(i).
3
Suppose 13*s - 1615 = 2909. What are the prime factors of s?
2, 3, 29
Let f(b) = -2*b**3 + 41*b**2 - 13*b + 25. What are the prime factors of f(16)?
3, 7, 101
Suppose 0 = 2*k, -k = -6*c + c. Suppose c = 2*s + 2*u - 699 + 145, 0 = -3*u. What are the prime factors of s?
277
What are the prime factors of (-166936)/(-120) - (-4)/(-30)?
13, 107
Suppose l + 3*l = -d - 16, 4*d = 0. List the prime factors of ((-2)/l*35)/(6/12).
5, 7
Let o be 19 + 16 - 1*-1. Suppose 0 = 4*g - 156 + o. List the prime factors of g.
2, 3, 5
Let j(u) = u**3 - 4*u**2 + u - 2. Let w be j(4). Suppose 0 = -x + w*x - 52. Suppose -o = -3*o + x. What are the prime factors of o?
2, 13
Suppose 0 = -4*s + 5*g + 59, -18 = -5*s + 4*g + 49. Let f = s - 13. List the prime factors of (-248)/f*(-1)/(-4).
31
Let m be 16/2*15/30. Suppose m*d - 20 = -0*d. Let l(g) = -g**3 + 6*g**2 + 2*g + 6. What are the prime factors of l(d)?
41
List the prime factors of (-12)/90 + ((-160984)/(-30) - 0).
2, 2683
Let j = 66 - -183. Suppose -3 = f - 0*f, 3*k - j = 5*f. List the prime factors of k.
2, 3, 13
Suppose -5*m + m - 76 = 0. Let k(y) = -y - 26. Let u be k(m). Let a = u - -11. What are the prime factors of a?
2
Let j(n) = 24*n**2 - 8*n - 39. What are the prime factors of j(-5)?
601
Let y = -1 - -2. Let h = -514 + 518. List the prime factors of h + (106/2)/y.
3, 19
List the prime factors of ((-396)/(-16))/(9/(-168))*-1.
2, 3, 7, 11
Suppose -2*q + 2 + 2 = 0. Suppose -4*s - 1 - 1 = -y, 6 = 2*s + 3*y. Suppose s = -5*w - 4*n + 92, -3*w + 6*w = -q*n + 56. What are the prime factors of w?
2, 5
Let p(y) = 48*y**2 + y + 4. Let r(m) = 47*m**2 + 5. Let n(c) = 3*p(c) - 2*r(c). What are the prime factors of n(-2)?
2, 7
Let p(v) = v**2 - 6*v + 3. Let i be p(7). Suppose -5*d = -0*d - i. Suppose -d*k + l + 17 = -2*l, -3*k + l + 43 = 0. What are the prime factors of k?
2
Let h = -5880 + 9652. List the prime factors of h.
2, 23, 41
Let x be -3 - ((-12)/15)/((-4)/(-10)). Suppose -3*m = -m + 10. What are the prime factors of -1 - 3 - (x + m)?
2
Let i(g) be the third derivative of g**6/120 - 3*g**5/20 - 11*g**4/24 - g**3/3 - 5*g**2. Let q be i(10). List the prime factors of 3/(-9) - 172/q.
2, 7
List the prime factors of (15 - 5) + 5069 + -4.
5, 7, 29
Let t = -1654 + 2286. What are the prime factors of t?
2, 79
Suppose -13*u = -23*u + 14270. What are the prime factors of u?
1427
Suppose 0 = d + 8 - 10. Let y(v) = -95*v + 94*v - 3*v**2 - 7 - 5*v**d - v**3 - 2*v**2. List the prime factors of y(-10).
3
Suppose -17594 - 16520 = -74*g. What are the prime factors of g?
461
Let z(j) = 9*j - 3. Suppose 0*a + 4 = 2*a. Let q be z(a). Suppose 4*l + q = 5*s - 72, -l = -3*s + 48. List the prime factors of s.
3, 5
Let w = 55 + -59. List the prime factors of (-564)/w + 3 - 2 - -3.
5, 29
Suppose -2*o = z - o - 841, 4*z = -2*o + 3372. What are the prime factors of z?
5, 13
Suppose 3*w - 5*w = 0. Suppose -s + 2 = -w*s. Suppose -18 = j - s*j. List the prime factors of j.
2, 3
Let o = 13 - 8. Suppose f = o*y - 153, -2*y + 5*f + 59 = -16. Suppose 3*q + 9 - y = 0. What are the prime factors of q?
7
Let k = 7 + -2. Suppose 0 = 2*c + k*j - j - 18, 5*j = 15. Suppose -r = -c*r + 8. What are the prime factors of r?
2
Suppose 0 = -4*f + 18 - 6. Suppose 3*s - 4*s + f = 0. List the prime factors of s + 32/(5 + -3).
19
Suppose 18*b - 13818 = -3*b. List the prime factors of b.
2, 7, 47
Suppose -3720 = 24*s - 32*s. List the prime factors of s.
3, 5, 31
What are the prime factors of (12 - 0)*39/(-78) - -2589?
3, 7, 41
Suppose 0 = 2*z - 0*i + 2*i - 18, z + 6 = 4*i. Suppose 61 = 4*q - 79. Suppose d + q = z*d. What are the prime factors of d?
7
Let p be 5/(-35) + (-456)/(-7). Let o = p - 5. Suppose -9*v = -6*v - o. List the prime factors of v.
2, 5
List the prime factors of (5 - (-13204)/8)*2.
7, 11, 43
List the prime factors of ((-4182)/(-136))/(1/8).
2, 3, 41
Let s = 1116 - 723. List the prime factors of s.
3, 131
Let y = -742 - -1350. What are the prime factors of y?
2, 19
Let l be 1*5 + (-6 - (-4 - 1)). Suppose -l*n = n, -3*n + 715 = 5*s. List the prime factors of s.
11, 13
Let z = 22 - 4. Let v be (-2)/4 + z/4. Suppose 0 = -0*f - v*f + 124. List the prime factors of f.
31
What are the prime factors of 506 - -3*35/15?
3, 19
Let c = 9 + -6. Suppose 4*n = -c*p + 164, -n + 68 = n - 2*p. List the prime factors of n.
2, 19
Let r(b) = 15*b**2 - 3*b. Let h be r(2). Suppose 3*s = -5*x + h, 2*s - x = 6*s - 72. List the prime factors of (12/s)/((-2)/(-153)).
3, 17
Let i(s) = 23*s**2 + 6*s + 1. Let n be i(2). Let u = n - -1. List the prime factors of u.
2, 53
Let g = -1216 - -1304. What are the prime factors of g?
2, 11
Let i(f) = -2*f**2 + 5*f - 4. Let g be i(4). Let z(a) = 8*a + 53. Let c(o) = -4*o - 26. Let s(p) = 7*c(p) + 3*z(p). List the prime factors of s(g).
41
Suppose -3*s + 6*s - 312 = 0. Let v = -12 + s. List the prime factors of v.
2, 23
Suppose 0 = -57*j + 54*j + 6102. List the prime factors of j.
2, 3, 113
Suppose -3*w = -5*w + 4. Suppose -4*l + 158 = -w*h, -4*l + 128 = 4*h - 48. List the prime factors of l.
41
Let l(c) = -4*c + 31. Let m(x) = x + 1. Let t(u) = -l(u) + 2*m(u). What are the prime factors of t(15)?
61
Let w = 1 + -4. What are the prime factors of (w + 2)/(2/(-54))?
3
Let u(l) be the second derivative of -l**4/12 + 11*l**3/6 + 9*l**2/2 - 2*l. Let n(q) = -3*q + 11. Let k be n(0). List the prime factors of u(k).
3
Let z be (2 - (-10)/(-4))*-158. Let j = 140 - z. What are the prime factors of j?
61
List the prime factors of 1774 + (-2)/(-12) + 25/30.
5, 71
List the prime factors of 56/(-40)*(-995 + 0/5).
7, 199
Suppose 37 = z - 4*i + 9*i, 4*z - 165 = -3*i. What are the prime factors of z?
2, 3, 7
Let o = -1529 - -3008. What are the prime factors of o?
3, 17, 29
Let k be (-12)/3 + 6 - -2. List the prime factors of ((-2)/4)/(k/(-336)).
2, 3, 7
Let d = 42 + -38. Let r be ((-6)/d)/(6/(-8)). Suppose -r*w - 5*z + 28 = 2*w, -48 = -5*w - 3*z. List the prime factors of w.
2, 3
Let u(q) be the second derivat